{"id":5,"date":"2023-09-26T12:47:28","date_gmt":"2023-09-26T12:47:28","guid":{"rendered":"https:\/\/majapiestrzeniewicz.com\/?page_id=5"},"modified":"2026-01-07T11:32:39","modified_gmt":"2026-01-07T11:32:39","slug":"tworz-swoja-witryne-za-pomoca-blokow","status":"publish","type":"page","link":"https:\/\/majapiestrzeniewicz.com\/","title":{"rendered":"Maja Piestrzeniewicz"},"content":{"rendered":"\n<div class=\"wp-block-columns alignwide is-layout-flex wp-container-core-columns-is-layout-28f84493 wp-block-columns-is-layout-flex\">\n<div class=\"wp-block-column is-layout-flow wp-block-column-is-layout-flow\" style=\"flex-basis:40%\">\n<h2 class=\"wp-block-heading\" id=\"o-mnie\">O mnie<\/h2>\n\n\n\n<figure class=\"wp-block-gallery has-nested-images columns-default is-cropped wp-block-gallery-1 is-layout-flex wp-block-gallery-is-layout-flex\">\n<figure class=\"wp-block-image size-large\"><img loading=\"lazy\" decoding=\"async\" width=\"819\" height=\"1024\" data-id=\"103\" src=\"https:\/\/majapiestrzeniewicz.com\/wp-content\/uploads\/2026\/01\/IMG_6418-819x1024.jpg\" alt=\"\" class=\"wp-image-103\" srcset=\"https:\/\/majapiestrzeniewicz.com\/wp-content\/uploads\/2026\/01\/IMG_6418-819x1024.jpg 819w, https:\/\/majapiestrzeniewicz.com\/wp-content\/uploads\/2026\/01\/IMG_6418-240x300.jpg 240w, https:\/\/majapiestrzeniewicz.com\/wp-content\/uploads\/2026\/01\/IMG_6418-768x960.jpg 768w, https:\/\/majapiestrzeniewicz.com\/wp-content\/uploads\/2026\/01\/IMG_6418-1229x1536.jpg 1229w, https:\/\/majapiestrzeniewicz.com\/wp-content\/uploads\/2026\/01\/IMG_6418-1639x2048.jpg 1639w, https:\/\/majapiestrzeniewicz.com\/wp-content\/uploads\/2026\/01\/IMG_6418-scaled.jpg 2048w\" sizes=\"auto, (max-width: 819px) 100vw, 819px\" \/><\/figure>\n<\/figure>\n<\/div>\n\n\n\n<div class=\"wp-block-column is-layout-flow wp-block-column-is-layout-flow\" style=\"flex-basis:60%\">\n<p><\/p>\n\n\n\n<p class=\"has-text-align-left\" style=\"margin-top:var(--wp--preset--spacing--50);margin-bottom:var(--wp--preset--spacing--50)\">Jestem absolwentk\u0105 psychologii na Uniwersytecie Jagiello\u0144skim oraz psychoterapeutk\u0105 w trakcie certyfikacji. Uko\u0144czy\u0142am czteroletni ca\u0142o\u015bciowy kurs psychoterapii organizowany przez Oddzia\u0142 Leczenia Zaburze\u0144 Osobowo\u015bci i Nerwic Szpitala Specjalistycznego im. J\u00f3zefa Babi\u0144skiego w Krakowie, atestowany przez Sekcj\u0119 Naukow\u0105 Psychoterapii Polskiego Towarzystwa Psychiatrycznego. Jestem cz\u0142onkini\u0105 Polskiego Towarzystwa Psychiatrycznego.<\/p>\n\n\n\n<p class=\"has-text-align-left\" style=\"margin-top:var(--wp--preset--spacing--50);margin-bottom:var(--wp--preset--spacing--50)\">Do\u015bwiadczenie zawodowe zdobywa\u0142am w Klinice Psychiatrii Collegium Medicum Uniwersytetu Jagiello\u0144skiego, m.in. na Oddziale Dziennym Rehabilitacji Psychiatrycznej, Oddziale Dziennym Leczenia Psychoz oraz na oddziale leczenia zaburze\u0144 psychotycznych (\u201eOdcinek C\u201d). Wsp\u00f3\u0142pracowa\u0142am tak\u017ce z Krakowskim Zespo\u0142em Zdrowia Psychicznego (Medinorm). Obecnie &#8211; poza w\u0142asn\u0105 praktyk\u0105 &#8211; wsp\u00f3\u0142pracuje r\u00f3wnie\u017c ze Studenckim O\u015brodkiem Wsparcia i Adaptacji Uniwersytetu Jagiello\u0144skiego (SOWA).<\/p>\n\n\n\n<p>Pracuj\u0119 w podej\u015bciu psychodynamicznym\/analitycznym. Swoj\u0105 wiedz\u0119 i umiej\u0119tno\u015bci stale poszerzam poprzez udzia\u0142 w szkoleniach i konferencjach. Pracuj\u0119 zgodnie z kodeksem etyczno-zawodowym psychologa i psychoterapeuty, a swoj\u0105 praktyk\u0119 regularnie poddaj\u0119 superwizji.<\/p>\n<\/div>\n<\/div>\n\n\n\n<div class=\"wp-block-columns is-layout-flex wp-container-core-columns-is-layout-28f84493 wp-block-columns-is-layout-flex\">\n<div class=\"wp-block-column is-layout-flow wp-block-column-is-layout-flow\"><\/div>\n<\/div>\n\n\n\n<div class=\"wp-block-columns alignwide are-vertically-aligned-top is-layout-flex wp-container-core-columns-is-layout-28f84493 wp-block-columns-is-layout-flex\">\n<div class=\"wp-block-column is-layout-flow wp-block-column-is-layout-flow\" style=\"flex-basis:40%\">\n<h2 class=\"wp-block-heading alignwide has-text-align-left\" id=\"psychoterapia-psychodynamiczna\">Psychoterapia psychodynamiczna  <\/h2>\n\n\n\n<figure class=\"wp-block-image size-full is-resized\"><img loading=\"lazy\" decoding=\"async\" width=\"987\" height=\"1008\" src=\"https:\/\/majapiestrzeniewicz.com\/wp-content\/uploads\/2024\/08\/Kandinsky_-_Counter_weights_1926-1.jpg\" alt=\"\" class=\"wp-image-90\" style=\"width:483px;height:auto\" srcset=\"https:\/\/majapiestrzeniewicz.com\/wp-content\/uploads\/2024\/08\/Kandinsky_-_Counter_weights_1926-1.jpg 987w, https:\/\/majapiestrzeniewicz.com\/wp-content\/uploads\/2024\/08\/Kandinsky_-_Counter_weights_1926-1-294x300.jpg 294w, https:\/\/majapiestrzeniewicz.com\/wp-content\/uploads\/2024\/08\/Kandinsky_-_Counter_weights_1926-1-768x784.jpg 768w\" sizes=\"auto, (max-width: 987px) 100vw, 987px\" \/><figcaption class=\"wp-element-caption\">W. Kandinsky, &#8222;W niebieskim&#8221;, 1925.<\/figcaption><\/figure>\n<\/div>\n\n\n\n<div class=\"wp-block-column is-layout-flow wp-block-column-is-layout-flow\"><\/div>\n\n\n\n<div class=\"wp-block-column is-layout-flow wp-block-column-is-layout-flow\" style=\"flex-basis:60%\">\n<div class=\"wp-block-columns is-layout-flex wp-container-core-columns-is-layout-28f84493 wp-block-columns-is-layout-flex\">\n<div class=\"wp-block-column is-layout-flow wp-block-column-is-layout-flow\"><\/div>\n\n\n\n<div class=\"wp-block-column is-layout-flow wp-block-column-is-layout-flow\"><\/div>\n<\/div>\n\n\n\n<div class=\"wp-block-columns is-layout-flex wp-container-core-columns-is-layout-28f84493 wp-block-columns-is-layout-flex\">\n<div class=\"wp-block-column is-layout-flow wp-block-column-is-layout-flow\"><\/div>\n\n\n\n<div class=\"wp-block-column is-layout-flow wp-block-column-is-layout-flow\"><\/div>\n<\/div>\n\n\n\n<div class=\"wp-block-columns is-layout-flex wp-container-core-columns-is-layout-28f84493 wp-block-columns-is-layout-flex\">\n<div class=\"wp-block-column is-layout-flow wp-block-column-is-layout-flow\"><\/div>\n\n\n\n<div class=\"wp-block-column is-layout-flow wp-block-column-is-layout-flow\"><\/div>\n<\/div>\n\n\n\n<p>Psychoterapia psychodynamiczna to metoda pracy nad sob\u0105, kt\u00f3ra pozwala zrozumie\u0107 \u017ar\u00f3d\u0142a trudno\u015bci i powtarzaj\u0105cych si\u0119 wzorc\u00f3w zachowa\u0144. W my\u015bli psychodynamicznej wiele trudno\u015bci i niekorzystnych wzorc\u00f3w my\u015blenia wynika z nierozwi\u0105zanych, cz\u0119sto nieu\u015bwiadomionych konflikt\u00f3w wewn\u0119trznych.<\/p>\n\n\n\n<p>Podczas sesji terapeutycznych pacjent i terapeuta wsp\u00f3lnie odkrywaj\u0105 my\u015bli, uczucia i do\u015bwiadczenia, kt\u00f3re wp\u0142ywaj\u0105 na codzienne \u017cycie i relacje z innymi. Poszukujemy po\u0142\u0105cze\u0144 mi\u0119dzy przesz\u0142o\u015bci\u0105 a tera\u017aniejszo\u015bci\u0105, my\u015blami, uczuciami i do\u015bwiadczeniami \u017cyciowymi. Dzi\u0119ki temu pacjent stopniowo buduje pe\u0142niejszy obraz siebie, lepiej rozumie swoje reakcje i podejmuje bardziej \u015bwiadome decyzje w codziennym \u017cyciu, co u\u0142atwia radzenie sobie z emocjami i budowanie zdrowszych relacji.<\/p>\n\n\n\n<p>Wa\u017cnym elementem terapii jest analiza tego, co dzieje si\u0119 \u201etu i teraz\u201d w relacji z terapeut\u0105 \u2013 swoisty mikrokosmos naszych interakcji z innymi.<\/p>\n\n\n\n<p>Psychoterapia jest procesem d\u0142ugoterminowym, kt\u00f3ry wymaga czasu i regularnej pracy nad sob\u0105. Trwa\u0142e zmiany i poczucie wi\u0119kszej sp\u00f3jno\u015bci wewn\u0119trznej pojawiaj\u0105 si\u0119 stopniowo i ko\u0144cz\u0105 si\u0119 w wyniku \u015bwiadomej decyzji pacjenta i terapeuty.<\/p>\n\n\n\n<p><strong>Konsultacja przed rozpoczeciem terapii<\/strong><\/p>\n\n\n\n<p>Psychoterapia poprzedzona jest zwykle seri\u0105 3\u20134 konsultacji. Spotkania te maj\u0105 na celu wst\u0119pne poznanie problemu, om\u00f3wienie oczekiwa\u0144 pacjenta oraz okre\u015blenie, jaka forma pomocy b\u0119dzie najbardziej odpowiednia. S\u0105 te\u017c okazj\u0105 dla pacjenta, aby pozna\u0107 terapeut\u0119 i jego spos\u00f3b pracy, a dla terapeuty aby wst\u0119pnie oceni\u0107 charakter i zakres trudno\u015bci. Na podstawie konsultacji obie strony podejmuj\u0105 decyzj\u0119 o ewentualnym rozpocz\u0119ciu psychoterapii. Podczas terapii ustala si\u0119 cele i zasady wsp\u00f3\u0142pracy, kt\u00f3re mog\u0105 by\u0107 doprecyzowywane w trakcie procesu.<\/p>\n<\/div>\n<\/div>\n\n\n\n<div class=\"wp-block-columns is-layout-flex wp-container-core-columns-is-layout-28f84493 wp-block-columns-is-layout-flex\">\n<div class=\"wp-block-column is-layout-flow wp-block-column-is-layout-flow\"><\/div>\n<\/div>\n\n\n\n<div class=\"wp-block-columns alignwide is-layout-flex wp-container-core-columns-is-layout-28f84493 wp-block-columns-is-layout-flex\">\n<div class=\"wp-block-column is-vertically-aligned-top is-layout-flow wp-block-column-is-layout-flow\" style=\"flex-basis:40%\">\n<h2 class=\"wp-block-heading\" id=\"cennik\">Cennik<\/h2>\n<\/div>\n\n\n\n<div class=\"wp-block-column is-layout-flow wp-block-column-is-layout-flow\"><\/div>\n\n\n\n<div class=\"wp-block-column is-layout-flow wp-block-column-is-layout-flow\" style=\"flex-basis:60%\">\n<p>Konsultacja \u2013 200 z\u0142<\/p>\n\n\n\n<p>Sesja psychoterapii dla doros\u0142ych \u2013 200 z\u0142<\/p>\n<\/div>\n<\/div>\n\n\n\n<div class=\"wp-block-columns is-layout-flex wp-container-core-columns-is-layout-28f84493 wp-block-columns-is-layout-flex\">\n<div class=\"wp-block-column is-layout-flow wp-block-column-is-layout-flow\"><\/div>\n<\/div>\n\n\n\n<div class=\"wp-block-columns alignwide is-layout-flex wp-container-core-columns-is-layout-28f84493 wp-block-columns-is-layout-flex\">\n<div class=\"wp-block-column is-vertically-aligned-top is-layout-flow wp-block-column-is-layout-flow\" style=\"flex-basis:40%\">\n<h2 class=\"wp-block-heading\" id=\"kontakt\">Kontakt<\/h2>\n<\/div>\n\n\n\n<div class=\"wp-block-column is-layout-flow wp-block-column-is-layout-flow\"><\/div>\n\n\n\n<div class=\"wp-block-column is-layout-flow wp-block-column-is-layout-flow\" style=\"flex-basis:60%\">\n<div class=\"wp-block-columns is-layout-flex wp-container-core-columns-is-layout-28f84493 wp-block-columns-is-layout-flex\">\n<div class=\"wp-block-column is-layout-flow wp-block-column-is-layout-flow\"><\/div>\n<\/div>\n\n\n\n<p><strong>Tel.<\/strong> 732 855 136<\/p>\n\n\n\n<p><strong>email: <\/strong>maja.piestrzeniewicz1@gmail.com<\/p>\n\n\n\n<p>Gabinet jest zlokalizowany przy ul. Karmelickiej 58 w Krakowie. W wyj\u0105tkowych przypadkach istnieje mo\u017cliwo\u015b\u0107 terapii w formie online.<\/p>\n<\/div>\n<\/div>\n\n\n\n<figure class=\"wp-block-gallery has-nested-images columns-default is-cropped wp-block-gallery-2 is-layout-flex wp-block-gallery-is-layout-flex\">\n<figure class=\"wp-block-image size-large\"><img loading=\"lazy\" decoding=\"async\" width=\"678\" height=\"1024\" data-id=\"102\" src=\"https:\/\/majapiestrzeniewicz.com\/wp-content\/uploads\/2026\/01\/IMG_8185-2-678x1024.jpg\" alt=\"\" class=\"wp-image-102\" srcset=\"https:\/\/majapiestrzeniewicz.com\/wp-content\/uploads\/2026\/01\/IMG_8185-2-678x1024.jpg 678w, https:\/\/majapiestrzeniewicz.com\/wp-content\/uploads\/2026\/01\/IMG_8185-2-199x300.jpg 199w, https:\/\/majapiestrzeniewicz.com\/wp-content\/uploads\/2026\/01\/IMG_8185-2-768x1160.jpg 768w, https:\/\/majapiestrzeniewicz.com\/wp-content\/uploads\/2026\/01\/IMG_8185-2-1017x1536.jpg 1017w, https:\/\/majapiestrzeniewicz.com\/wp-content\/uploads\/2026\/01\/IMG_8185-2.jpg 1356w\" sizes=\"auto, (max-width: 678px) 100vw, 678px\" \/><\/figure>\n\n\n\n<figure class=\"wp-block-image size-large\"><img loading=\"lazy\" decoding=\"async\" width=\"678\" height=\"1024\" data-id=\"101\" src=\"https:\/\/majapiestrzeniewicz.com\/wp-content\/uploads\/2026\/01\/IMG_8186-678x1024.jpg\" alt=\"\" class=\"wp-image-101\" srcset=\"https:\/\/majapiestrzeniewicz.com\/wp-content\/uploads\/2026\/01\/IMG_8186-678x1024.jpg 678w, https:\/\/majapiestrzeniewicz.com\/wp-content\/uploads\/2026\/01\/IMG_8186-199x300.jpg 199w, https:\/\/majapiestrzeniewicz.com\/wp-content\/uploads\/2026\/01\/IMG_8186-768x1160.jpg 768w, https:\/\/majapiestrzeniewicz.com\/wp-content\/uploads\/2026\/01\/IMG_8186-1017x1536.jpg 1017w, https:\/\/majapiestrzeniewicz.com\/wp-content\/uploads\/2026\/01\/IMG_8186.jpg 1356w\" sizes=\"auto, (max-width: 678px) 100vw, 678px\" \/><\/figure>\n<\/figure>\n","protected":false},"excerpt":{"rendered":"<p>O mnie Jestem absolwentk\u0105 psychologii na Uniwersytecie Jagiello\u0144skim oraz psychoterapeutk\u0105 w trakcie certyfikacji. Uko\u0144czy\u0142am czteroletni ca\u0142o\u015bciowy kurs psychoterapii organizowany przez Oddzia\u0142 Leczenia Zaburze\u0144 Osobowo\u015bci i Nerwic Szpitala Specjalistycznego im. J\u00f3zefa Babi\u0144skiego w Krakowie, atestowany przez Sekcj\u0119 Naukow\u0105 Psychoterapii Polskiego Towarzystwa Psychiatrycznego. Jestem cz\u0142onkini\u0105 Polskiego Towarzystwa Psychiatrycznego. Do\u015bwiadczenie zawodowe zdobywa\u0142am w Klinice Psychiatrii Collegium Medicum Uniwersytetu [&hellip;]<\/p>\n","protected":false},"author":1,"featured_media":100,"parent":0,"menu_order":0,"comment_status":"closed","ping_status":"closed","template":"","meta":{"_themeisle_gutenberg_block_has_review":false,"footnotes":""},"class_list":["post-5","page","type-page","status-publish","has-post-thumbnail","hentry"],"_links":{"self":[{"href":"https:\/\/majapiestrzeniewicz.com\/index.php\/wp-json\/wp\/v2\/pages\/5","targetHints":{"allow":["GET"]}}],"collection":[{"href":"https:\/\/majapiestrzeniewicz.com\/index.php\/wp-json\/wp\/v2\/pages"}],"about":[{"href":"https:\/\/majapiestrzeniewicz.com\/index.php\/wp-json\/wp\/v2\/types\/page"}],"author":[{"embeddable":true,"href":"https:\/\/majapiestrzeniewicz.com\/index.php\/wp-json\/wp\/v2\/users\/1"}],"replies":[{"embeddable":true,"href":"https:\/\/majapiestrzeniewicz.com\/index.php\/wp-json\/wp\/v2\/comments?post=5"}],"version-history":[{"count":63,"href":"https:\/\/majapiestrzeniewicz.com\/index.php\/wp-json\/wp\/v2\/pages\/5\/revisions"}],"predecessor-version":[{"id":163,"href":"https:\/\/majapiestrzeniewicz.com\/index.php\/wp-json\/wp\/v2\/pages\/5\/revisions\/163"}],"wp:featuredmedia":[{"embeddable":true,"href":"https:\/\/majapiestrzeniewicz.com\/index.php\/wp-json\/wp\/v2\/media\/100"}],"wp:attachment":[{"href":"https:\/\/majapiestrzeniewicz.com\/index.php\/wp-json\/wp\/v2\/media?parent=5"}],"curies":[{"name":"wp","href":"https:\/\/api.w.org\/{rel}","templated":true}]}}